s the tens digit of g?
1
Let a(r) = 2 + 5*r + 0 - 6 + 0. What is the tens digit of a(4)?
1
Suppose r = -3*f - 10 - 0, -2*r = -3*f - 25. Suppose -3*g = 4*b - 92, r*b = 3*g - 4*g + 126. What is the tens digit of b?
2
Suppose 2*c + d = 6, -6*d = -d. Suppose -3*x + 43 = i, 46 = c*i - i - 2*x. What is the units digit of 2/(-7) + 232/i?
8
Let i be 306/(-42) - (-4)/14. Let h = i + 22. What is the units digit of h?
5
Let z(q) = 10*q - 13. What is the hundreds digit of z(14)?
1
What is the tens digit of 0 + -3*(-11)/3?
1
Let h(l) = 478*l + l**3 - 477*l - 3 - 5*l**2 + 2*l**2. Let z(c) = 5*c**2 + 2*c + 1. Let y be z(-1). What is the tens digit of h(y)?
1
Let v = 89 - 57. Suppose -v = 3*t - 7*t. Suppose -t - 8 = -2*c. What is the units digit of c?
8
Suppose 104 = 5*p + 29. Let v be (-6)/p - 2/(-5). Suppose -3*f + 4*f - 5*y - 23 = 0, v = f + y - 23. What is the tens digit of f?
2
Suppose 0 = 4*o, 0*c - 2*o = -c + 1. Suppose 0 = -3*q - c - 20. Let n = q - -14. What is the units digit of n?
7
Let p be 0 + 16/4 + 2. What is the units digit of ((-12)/(-8))/(p/44)?
1
Suppose 2*m = -4*w + 58, -3*m + 2*w + 3*w = -32. What is the tens digit of m?
1
Let o = -178 + 306. What is the tens digit of o?
2
Suppose -3*c + 2 = -22. Suppose -4 = 3*b + 2*t, b + 2*b - 2*t = 4. Suppose -m + 1 + c = b. What is the units digit of m?
9
Suppose 2*b + 15 = -3*q, 5 = -2*b - 1. Let m(u) = -u**2 - 4*u - 4. Let p be m(q). What is the units digit of (p - -2)*-1 - -7?
6
Let t = -378 - -671. What is the tens digit of t?
9
Suppose 7*b + 5*b = 540. What is the units digit of b?
5
Let x be 1/4 - (-716)/16. Suppose -5*v - 4*q = x, 3*v + 45 = -2*v + 4*q. Let d = v + 20. What is the tens digit of d?
1
Suppose -5 = 5*f, -75 = s - 5*s - 5*f. Suppose 4*j + s = -j. What is the units digit of 10/6 + j/6?
1
Suppose 10 = -5*i - 0*i. Let k be (9/6)/((-1)/i). Suppose -3 = -2*q + k. What is the units digit of q?
3
Let f(j) = j - 2. Let i be f(7). Suppose o - i*v + 10 = -10*v, -5*v - 15 = 0. What is the units digit of o?
5
Let d(i) = -6*i**3 - 2*i - 1. Let t be d(-1). What is the tens digit of t/(7/(-2) + 4)?
1
Let f(l) = -l**2 + l + 29. Let w be 0/(-9)*(-1)/(-1). What is the tens digit of f(w)?
2
What is the units digit of 388/8 - 1/2?
8
Let w(p) = 3*p**2 + 5*p + 6. Let x(g) = g**2 + 2*g + 3. Let k(f) = 2*w(f) - 5*x(f). Let j be k(-3). Suppose 0 = -0*o + o - j. What is the units digit of o?
6
Let j(a) be the first derivative of -a**2/2 - 4*a - 1. Let b be j(-4). Suppose -4*h - 8 = -x - b, 8 = 3*x + 4*h. What is the units digit of x?
4
Let w = 2 + 4. Let m(a) = a - 7. Let r be m(11). What is the units digit of w/r*(0 + 2)?
3
Let i(a) = 5*a + 2. Let y(z) = 6*z + 3. Let s(t) = -3*i(t) + 2*y(t). What is the units digit of s(-3)?
9
Let j = -8 + 11. Suppose 0 = -3*m + 15 + j. What is the units digit of m?
6
Suppose 75 = u + 4*m, 5*u - 420 + 60 = -5*m. What is the units digit of u?
1
Suppose v = -1, -5*z + v = 2*v - 9. Let j(o) = -4*o - 3. Let d be j(-3). Let n = z + d. What is the units digit of n?
1
Let s = 13 - -4. What is the tens digit of s?
1
Let f(h) = 2*h - 9. Suppose 7 = 4*a - 33. What is the units digit of f(a)?
1
Let r be (0 - 3) + 1 - -28. Let q = -14 + r. What is the tens digit of q?
1
What is the units digit of (-2)/((8/4)/(-96))?
6
What is the tens digit of -3 + (-18)/4*-14?
6
Let f = -10 + 7. Let t = 7 + f. Suppose y - 16 = -t*w + w, 4*y + 21 = 5*w. What is the units digit of w?
5
Let b = -11 + 13. What is the units digit of -1 - (2 - 60)/b?
8
Let s be (14/(-21))/((-4)/(-42)). Let n(a) = a**2 + 5*a - 9. What is the units digit of n(s)?
5
Suppose -d = -2*s - 14, 29 = -5*d + 2*s + 107. What is the tens digit of d?
1
Suppose -5*t + 3*i - 27 = -80, -3*t + 4*i = -34. Suppose f - 6*f = -t. Suppose 11 = 3*x + f. What is the units digit of x?
3
Suppose u - 2*f = 34, -f - 3*f - 182 = -5*u. What is the units digit of u?
8
Suppose 5*d = 2*g + 235, -2*d - 2*g = 3*d - 235. What is the units digit of d?
7
Let w be 37 + (0/1 - -2). Suppose 0*h + 4*h = 232. Let f = h - w. What is the tens digit of f?
1
What is the units digit of 3*3*(-74)/(-18)?
7
Suppose 0 = -3*x + 3 - 9. What is the units digit of x + 2/(-2) + 8?
5
Let f(m) = m**2 - 11*m - 6. Let b be f(11). Suppose 0 = -0*u - u - 54. What is the units digit of u/(-15) - b/15?
4
Let v = -5 - -7. Suppose -v*d = -7 - 25. What is the units digit of d?
6
Suppose 5*b + 0*b = 4*i + 151, -4*i = 4*b - 92. What is the tens digit of b?
2
Suppose -17 - 1 = -3*j. Let f be (-1)/1 - (-42)/j. Suppose 60 = f*h - h. What is the tens digit of h?
1
Let u be -1*(0 - 2*9). Let p = u - 6. What is the units digit of p?
2
What is the tens digit of -24*65/(-4)*1?
9
Suppose v - 3*v + 22 = 0. Let t = -6 + v. What is the units digit of t?
5
Let y(u) = u + 8. Let x be (-2)/(-3) - (-150)/(-9). Let l = 9 + x. What is the units digit of y(l)?
1
Let f(s) = s**3 + 5*s**2 - 2*s - 6. Let v(w) = w**2 - w + 1. Let b be v(4). Let m = b - 18. What is the units digit of f(m)?
4
Let b(o) = -o**2 + 12*o + 13. What is the units digit of b(12)?
3
Suppose 15*y = 10*y + 195. What is the tens digit of y?
3
Suppose -c + 6*g = g - 16, -c - g + 40 = 0. What is the tens digit of c?
3
Let q(p) = p + 21. Let b be q(0). Let i = 35 - b. What is the tens digit of i?
1
Suppose 2*i = 3*s - 20, 5*s - 4 = -3*i + 4. Suppose -3*v + 29 = 2*t, -s*v + 7 = t - 30. What is the units digit of v?
9
Let h = -5 - -12. Let c = h + -6. What is the units digit of c?
1
Suppose -5*p = -4*s - 27, 5*p = -0*s + 5*s + 30. Suppose -p*o - 2*o + 40 = 0. What is the units digit of o?
8
Let d = -4 + 11. Let p = d - 3. Suppose -p = -3*z - 4*q + 42, q = -z + 14. What is the tens digit of z?
1
Let g(t) = -3*t - 4. Suppose 2*q - 5*q = 9. What is the units digit of g(q)?
5
Suppose 4*u + 75 = 9*u. Suppose 5*l - 2*t - 6 = 0, -3*l - 2*l + 5*t = 0. Suppose 3*r - 40 = -l*g, -3*g - u = r - 8*g. What is the tens digit of r?
1
Let y = 126 - 96. What is the tens digit of y?
3
Suppose 2*i + 3 = 3*j - 232, 0 = 3*j - 3*i - 231. What is the units digit of j?
1
Let v be 9/(-6) + 230/4. Suppose 0 = 15*i - 19*i + v. What is the units digit of i?
4
Suppose 3*u = 4*n + 27, 3*u + 2*u - 45 = 4*n. What is the units digit of u?
9
Let a(s) = -12*s**3 - 2*s**2 - 3*s - 2. What is the tens digit of a(-2)?
9
Suppose -40 = -3*s - 4*c - c, -c + 25 = 4*s. Suppose 3 - s = 2*z. What is the units digit of 4 - ((-3)/(-3) + z)?
4
Suppose -15*o = -11*o. Let d(y) = -y + 48. What is the tens digit of d(o)?
4
Let k(r) be the second derivative of r**3/6 - 5*r**2 - r. Let i be k(6). Let u(m) = m**2 + 5*m + 5. What is the units digit of u(i)?
1
What is the units digit of 51 + (-2)/(-1)*(-21)/(-14)?
4
What is the hundreds digit of ((-1064)/(-6))/(4/6)?
2
Suppose g = 25 - 27. What is the tens digit of (-103)/g + 6/12?
5
Suppose 0*k + 2*k - 4*s = 28, k = 3*s + 11. What is the units digit of k?
0
Let l = 3 - 0. Let r be (1/3 + 0)*3. Suppose -5*f + 31 = -u, r = 2*u + l. What is the units digit of f?
6
Suppose -90 = 4*u - 7*u. Suppose -249 = -5*k + 3*f, -5*k + 3*f = f - 246. Let g = k - u. What is the tens digit of g?
1
Let o be (-3)/((-6)/(-10))*-2. Suppose -m + 2 = o. Let f = 11 + m. What is the units digit of f?
3
Suppose -2*x + 2*t + 2*t + 368 = 0, 0 = 5*x - 2*t - 904. What is the units digit of x?
0
Let a = -78 - -142. What is the tens digit of a?
6
Suppose -86 = 3*p - 323. Suppose -1 = -5*w + p. What is the units digit of w?
6
Suppose 4*t + 3*j - 216 = 7*j, 4*j - 102 = -2*t. What is the tens digit of t?
5
Let c be (-44)/(-3) - 4/6. Suppose -4*p - 3*g - c = 0, 0*g - 14 = 2*p + 5*g. Let y = p - -3. What is the units digit of y?
1
Suppose -2*q + 11 = -5*a, -5*q + 3*a - 45 = 5*a. Let f = q + 10. What is the units digit of f?
3
Let n(h) = 2*h + 3. Suppose p + 3*p - 12 = 0. What is the units digit of n(p)?
9
Let p(t) = 18*t + 2. What is the tens digit of p(2)?
3
Suppose -4*k = -4*t - 0*t - 56, 19 = 2*k + t. What is the units digit of 33 - (-3 + k)/(-4)?
5
Suppose -z + 21 = -0*z - 4*f, -3*z + 63 = -3*f. Suppose -u - 4 = -2*h + 5, -u + z = 4*h. Let t = h - 3. What is the units digit of t?
2
Let s(y) = y**3 - 6*y**2 + 5*y - 2. Let d be s(4). Let v = -6 - d. What is the units digit of v?
8
Let o(f) = 3*f + 1. Suppose -2*x + x - 3*s = -1, 0 = 2*x + 2*s - 10. Let v = x - 5. What is the units digit